{"id":286,"date":"2024-12-13T15:28:01","date_gmt":"2024-12-13T15:28:01","guid":{"rendered":"https:\/\/especialistasemtecnologia.com.br\/?post_type=product&#038;p=286"},"modified":"2024-12-13T15:28:21","modified_gmt":"2024-12-13T15:28:21","slug":"headset-poly-blackwire-209744-101-c3210-mono-usb-a","status":"publish","type":"product","link":"https:\/\/especialistasemtecnologia.com.br\/?product=headset-poly-blackwire-209744-101-c3210-mono-usb-a","title":{"rendered":"Headset Poly Blackwire (209744-101) C3210 Mono USB-A"},"content":{"rendered":"<p style=\"text-align: center\"><span style=\"font-size: 24pt\"><strong>Headset Poly Blackwire<\/strong><\/span><\/p>\n<table style=\"border-collapse: collapse;width: 100%\">\n<tbody>\n<tr>\n<td style=\"width: 50%;text-align: center;vertical-align: middle;border-style: hidden\">O Headset Poly Blackwire C3210 Mono USB-A 209744-101 I \u00e9 dur\u00e1vel, leve, f\u00e1cil de utilizar. A S\u00e9rie Blackwire 3200 com sistema de \u00e1udio inconfund\u00edvel da Poly oferece recursos de alto n\u00edvel. O Poly C3210 se conecta ao PC por um conector USB, ideal para usu\u00e1rios em transi\u00e7\u00e3o para a telefonia no PC para webinars, confer\u00eancias, m\u00fasica e outras aplica\u00e7\u00f5es multim\u00eddia. Conte com a prote\u00e7\u00e3o auditiva do Headset Poly Blackwire C3210, a SoundGuard, que gera limita\u00e7\u00e3o ac\u00fastima para prote\u00e7\u00e3o contra sons acima de 118 dBA. Atrav\u00e9s dos controles dispon\u00edveis no fio, controle suas chamadas de forma remota.<\/td>\n<td style=\"width: 50%;border-style: hidden\"><strong><img decoding=\"async\" class=\"aligncenter\" src=\"https:\/\/loja.okcomputadores.com\/wp-content\/uploads\/2023\/04\/WhatsApp-Image-2023-04-10-at-11.58.59.jpeg\" \/><\/strong><\/td>\n<\/tr>\n<\/tbody>\n<\/table>\n","protected":false},"excerpt":{"rendered":"<p>Headset Poly Blackwire 209744-101<\/p>\n","protected":false},"featured_media":311,"comment_status":"open","ping_status":"closed","template":"","meta":[],"product_brand":[],"product_cat":[31],"product_tag":[403,404,405,133],"class_list":{"0":"post-286","1":"product","2":"type-product","3":"status-publish","4":"has-post-thumbnail","6":"product_cat-videoconferencia","7":"product_tag-headset","8":"product_tag-headset-poly-blackwire","9":"product_tag-poly-blackwire","10":"product_tag-videoconferencia","11":"product_shipping_class-frete-rodoviario-brasil","13":"first","14":"outofstock","15":"shipping-taxable","16":"purchasable","17":"product-type-simple"},"_links":{"self":[{"href":"https:\/\/especialistasemtecnologia.com.br\/index.php?rest_route=\/wp\/v2\/product\/286","targetHints":{"allow":["GET"]}}],"collection":[{"href":"https:\/\/especialistasemtecnologia.com.br\/index.php?rest_route=\/wp\/v2\/product"}],"about":[{"href":"https:\/\/especialistasemtecnologia.com.br\/index.php?rest_route=\/wp\/v2\/types\/product"}],"replies":[{"embeddable":true,"href":"https:\/\/especialistasemtecnologia.com.br\/index.php?rest_route=%2Fwp%2Fv2%2Fcomments&post=286"}],"wp:featuredmedia":[{"embeddable":true,"href":"https:\/\/especialistasemtecnologia.com.br\/index.php?rest_route=\/wp\/v2\/media\/311"}],"wp:attachment":[{"href":"https:\/\/especialistasemtecnologia.com.br\/index.php?rest_route=%2Fwp%2Fv2%2Fmedia&parent=286"}],"wp:term":[{"taxonomy":"product_brand","embeddable":true,"href":"https:\/\/especialistasemtecnologia.com.br\/index.php?rest_route=%2Fwp%2Fv2%2Fproduct_brand&post=286"},{"taxonomy":"product_cat","embeddable":true,"href":"https:\/\/especialistasemtecnologia.com.br\/index.php?rest_route=%2Fwp%2Fv2%2Fproduct_cat&post=286"},{"taxonomy":"product_tag","embeddable":true,"href":"https:\/\/especialistasemtecnologia.com.br\/index.php?rest_route=%2Fwp%2Fv2%2Fproduct_tag&post=286"}],"curies":[{"name":"wp","href":"https:\/\/api.w.org\/{rel}","templated":true}]}}